{"id":84009,"date":"2025-01-19T19:20:39","date_gmt":"2025-01-19T18:20:39","guid":{"rendered":"https:\/\/jcarchitect.com\/?post_type=project&#038;p=84009"},"modified":"2025-01-19T19:31:12","modified_gmt":"2025-01-19T18:31:12","slug":"reforma-integral-de-pub-irlandes-en-las-ramblas","status":"publish","type":"project","link":"https:\/\/jcarchitect.com\/es\/project\/reforma-integral-de-pub-irlandes-en-las-ramblas\/","title":{"rendered":"Reforma integral de pub irland\u00e9s en Las Ramblas"},"content":{"rendered":"<p>Reforma integral de pub irland\u00e9s en Las Ramblas<\/p>\n<p>\u00a1Proyecto ejecutado en tiempo record!<\/p>\n<p>Se trata de una reforma integral de un pub irlandes conocido como el Loomsday, localizado en Ramblas 21, Barcelona. Actualmente llamado Craic, que en el argot irland\u00e9s significa \"pasar un buen rato\". El encargo vino dado a inicios de noviembre del 2024 y el proyecto se entreg\u00f3 acabado antes de final de a\u00f1o.<\/p>\n<p>El proyecto es uno de los m\u00e1s divertidos y genuinos que hemos podido realizar. Lo cierto es que el bar de inicio ya era bonito, por lo que la finalidad era mejorarlo. Se recuper\u00f3 todo el suelo de madera, debast\u00e1ndolo y tint\u00e1ndolo en un color m\u00e1s natural. Se pinto el bar entero en color negro respetando el dorado de algunos detalles y recuperando algunos textos de sus bigas. La iluminaci\u00f3n ha sido determinante para mejorar el ambiente, mediante reguladores de potencia y l\u00e1mparas de baja temperatura. La parte posterior del bar se transform\u00f3 completamente en unos ba\u00f1os completamente nuevos y una zona de dardos. Adem\u00e1s se escogi\u00f3 papeles de un nuevo dise\u00f1o que diese mayor calidez y elegancia a los espacios. Tambi\u00e9n se barniz\u00f3 la barra del bar en color verde, haciendo referencia a Irlanda, se colocaron espejos envejecidos en el trasd\u00f3s del botellero del bar y se iluminaron estos y la barra con unas tiras LED regulables confiriendo una aspecto m\u00e1s lujoso y dando mayor presencia a los detalles ornamentales de la madera ya existente. Tambi\u00e9n se recuperaron lo balsones de los techos, se asegur\u00f3 la barandilla de la entrada y se repararon todos los deperfectos posibles con un presupuesto bastante reducido.<\/p>\n<p>\u00a1Un \u00e9xito!<\/p>\n","protected":false},"featured_media":84010,"template":"","typology":[43,32],"location":[144],"project-type":[244],"yoast_head":"<!-- This site is optimized with the Yoast SEO plugin v22.6 - https:\/\/yoast.com\/wordpress\/plugins\/seo\/ -->\n<title>Reforma integral de pub irland\u00e9s en Las Ramblas - JC Architect<\/title>\n<meta name=\"robots\" content=\"index, follow, max-snippet:-1, max-image-preview:large, max-video-preview:-1\" \/>\n<link rel=\"canonical\" href=\"https:\/\/jcarchitect.com\/es\/project\/reforma-integral-de-pub-irlandes-en-las-ramblas\/\" \/>\n<meta property=\"og:locale\" content=\"es_ES\" \/>\n<meta property=\"og:type\" content=\"article\" \/>\n<meta property=\"og:title\" content=\"Reforma integral de pub irland\u00e9s en Las Ramblas - JC Architect\" \/>\n<meta property=\"og:description\" content=\"Reforma integral de pub irland\u00e9s en Las Ramblas \u00a1Proyecto ejecutado en tiempo record! Se trata de una reforma integral de un pub irlandes conocido como el Loomsday, localizado en Ramblas 21, Barcelona. Actualmente llamado Craic, que en el argot irland\u00e9s significa &quot;pasar un buen rato&quot;. El encargo vino dado a inicios de noviembre del 2024 [&hellip;]\" \/>\n<meta property=\"og:url\" content=\"https:\/\/jcarchitect.com\/es\/project\/reforma-integral-de-pub-irlandes-en-las-ramblas\/\" \/>\n<meta property=\"og:site_name\" content=\"JC Architect\" \/>\n<meta property=\"article:modified_time\" content=\"2025-01-19T18:31:12+00:00\" \/>\n<meta property=\"og:image\" content=\"https:\/\/jcarchitect.com\/jcarchitect\/wp-content\/uploads\/JC-2024-Final-16.jpg\" \/>\n\t<meta property=\"og:image:width\" content=\"1280\" \/>\n\t<meta property=\"og:image:height\" content=\"720\" \/>\n\t<meta property=\"og:image:type\" content=\"image\/jpeg\" \/>\n<meta name=\"twitter:card\" content=\"summary_large_image\" \/>\n<meta name=\"twitter:label1\" content=\"Tiempo de lectura\" \/>\n\t<meta name=\"twitter:data1\" content=\"1 minuto\" \/>\n<script type=\"application\/ld+json\" class=\"yoast-schema-graph\">{\"@context\":\"https:\/\/schema.org\",\"@graph\":[{\"@type\":\"WebPage\",\"@id\":\"https:\/\/jcarchitect.com\/es\/project\/reforma-integral-de-pub-irlandes-en-las-ramblas\/\",\"url\":\"https:\/\/jcarchitect.com\/es\/project\/reforma-integral-de-pub-irlandes-en-las-ramblas\/\",\"name\":\"Reforma integral de pub irland\u00e9s en Las Ramblas - JC Architect\",\"isPartOf\":{\"@id\":\"https:\/\/jcarchitect.com\/es\/#website\"},\"primaryImageOfPage\":{\"@id\":\"https:\/\/jcarchitect.com\/es\/project\/reforma-integral-de-pub-irlandes-en-las-ramblas\/#primaryimage\"},\"image\":{\"@id\":\"https:\/\/jcarchitect.com\/es\/project\/reforma-integral-de-pub-irlandes-en-las-ramblas\/#primaryimage\"},\"thumbnailUrl\":\"https:\/\/jcarchitect.com\/jcarchitect\/wp-content\/uploads\/JC-2024-Final-16.jpg\",\"datePublished\":\"2025-01-19T18:20:39+00:00\",\"dateModified\":\"2025-01-19T18:31:12+00:00\",\"breadcrumb\":{\"@id\":\"https:\/\/jcarchitect.com\/es\/project\/reforma-integral-de-pub-irlandes-en-las-ramblas\/#breadcrumb\"},\"inLanguage\":\"es\",\"potentialAction\":[{\"@type\":\"ReadAction\",\"target\":[\"https:\/\/jcarchitect.com\/es\/project\/reforma-integral-de-pub-irlandes-en-las-ramblas\/\"]}]},{\"@type\":\"ImageObject\",\"inLanguage\":\"es\",\"@id\":\"https:\/\/jcarchitect.com\/es\/project\/reforma-integral-de-pub-irlandes-en-las-ramblas\/#primaryimage\",\"url\":\"https:\/\/jcarchitect.com\/jcarchitect\/wp-content\/uploads\/JC-2024-Final-16.jpg\",\"contentUrl\":\"https:\/\/jcarchitect.com\/jcarchitect\/wp-content\/uploads\/JC-2024-Final-16.jpg\",\"width\":1280,\"height\":720},{\"@type\":\"BreadcrumbList\",\"@id\":\"https:\/\/jcarchitect.com\/es\/project\/reforma-integral-de-pub-irlandes-en-las-ramblas\/#breadcrumb\",\"itemListElement\":[{\"@type\":\"ListItem\",\"position\":1,\"name\":\"Home\",\"item\":\"https:\/\/jcarchitect.com\/es\/\"},{\"@type\":\"ListItem\",\"position\":2,\"name\":\"Reforma integral de pub irland\u00e9s en Las Ramblas\"}]},{\"@type\":\"WebSite\",\"@id\":\"https:\/\/jcarchitect.com\/es\/#website\",\"url\":\"https:\/\/jcarchitect.com\/es\/\",\"name\":\"JC Architect\",\"description\":\"Real Estate consultancy\",\"publisher\":{\"@id\":\"https:\/\/jcarchitect.com\/es\/#organization\"},\"potentialAction\":[{\"@type\":\"SearchAction\",\"target\":{\"@type\":\"EntryPoint\",\"urlTemplate\":\"https:\/\/jcarchitect.com\/es\/?s={search_term_string}\"},\"query-input\":\"required name=search_term_string\"}],\"inLanguage\":\"es\"},{\"@type\":\"Organization\",\"@id\":\"https:\/\/jcarchitect.com\/es\/#organization\",\"name\":\"JC Architect\",\"url\":\"https:\/\/jcarchitect.com\/es\/\",\"logo\":{\"@type\":\"ImageObject\",\"inLanguage\":\"es\",\"@id\":\"https:\/\/jcarchitect.com\/es\/#\/schema\/logo\/image\/\",\"url\":\"https:\/\/jcarchitect.com\/jcarchitect\/wp-content\/uploads\/favicon-bg.png\",\"contentUrl\":\"https:\/\/jcarchitect.com\/jcarchitect\/wp-content\/uploads\/favicon-bg.png\",\"width\":144,\"height\":144,\"caption\":\"JC Architect\"},\"image\":{\"@id\":\"https:\/\/jcarchitect.com\/es\/#\/schema\/logo\/image\/\"}}]}<\/script>\n<!-- \/ Yoast SEO plugin. -->","yoast_head_json":{"title":"Reforma integral de pub irland\u00e9s en Las Ramblas - JC Architect","robots":{"index":"index","follow":"follow","max-snippet":"max-snippet:-1","max-image-preview":"max-image-preview:large","max-video-preview":"max-video-preview:-1"},"canonical":"https:\/\/jcarchitect.com\/es\/project\/reforma-integral-de-pub-irlandes-en-las-ramblas\/","og_locale":"es_ES","og_type":"article","og_title":"Reforma integral de pub irland\u00e9s en Las Ramblas - JC Architect","og_description":"Reforma integral de pub irland\u00e9s en Las Ramblas \u00a1Proyecto ejecutado en tiempo record! Se trata de una reforma integral de un pub irlandes conocido como el Loomsday, localizado en Ramblas 21, Barcelona. Actualmente llamado Craic, que en el argot irland\u00e9s significa \"pasar un buen rato\". El encargo vino dado a inicios de noviembre del 2024 [&hellip;]","og_url":"https:\/\/jcarchitect.com\/es\/project\/reforma-integral-de-pub-irlandes-en-las-ramblas\/","og_site_name":"JC Architect","article_modified_time":"2025-01-19T18:31:12+00:00","og_image":[{"width":1280,"height":720,"url":"https:\/\/jcarchitect.com\/jcarchitect\/wp-content\/uploads\/JC-2024-Final-16.jpg","type":"image\/jpeg"}],"twitter_card":"summary_large_image","twitter_misc":{"Tiempo de lectura":"1 minuto"},"schema":{"@context":"https:\/\/schema.org","@graph":[{"@type":"WebPage","@id":"https:\/\/jcarchitect.com\/es\/project\/reforma-integral-de-pub-irlandes-en-las-ramblas\/","url":"https:\/\/jcarchitect.com\/es\/project\/reforma-integral-de-pub-irlandes-en-las-ramblas\/","name":"Reforma integral de pub irland\u00e9s en Las Ramblas - JC Architect","isPartOf":{"@id":"https:\/\/jcarchitect.com\/es\/#website"},"primaryImageOfPage":{"@id":"https:\/\/jcarchitect.com\/es\/project\/reforma-integral-de-pub-irlandes-en-las-ramblas\/#primaryimage"},"image":{"@id":"https:\/\/jcarchitect.com\/es\/project\/reforma-integral-de-pub-irlandes-en-las-ramblas\/#primaryimage"},"thumbnailUrl":"https:\/\/jcarchitect.com\/jcarchitect\/wp-content\/uploads\/JC-2024-Final-16.jpg","datePublished":"2025-01-19T18:20:39+00:00","dateModified":"2025-01-19T18:31:12+00:00","breadcrumb":{"@id":"https:\/\/jcarchitect.com\/es\/project\/reforma-integral-de-pub-irlandes-en-las-ramblas\/#breadcrumb"},"inLanguage":"es","potentialAction":[{"@type":"ReadAction","target":["https:\/\/jcarchitect.com\/es\/project\/reforma-integral-de-pub-irlandes-en-las-ramblas\/"]}]},{"@type":"ImageObject","inLanguage":"es","@id":"https:\/\/jcarchitect.com\/es\/project\/reforma-integral-de-pub-irlandes-en-las-ramblas\/#primaryimage","url":"https:\/\/jcarchitect.com\/jcarchitect\/wp-content\/uploads\/JC-2024-Final-16.jpg","contentUrl":"https:\/\/jcarchitect.com\/jcarchitect\/wp-content\/uploads\/JC-2024-Final-16.jpg","width":1280,"height":720},{"@type":"BreadcrumbList","@id":"https:\/\/jcarchitect.com\/es\/project\/reforma-integral-de-pub-irlandes-en-las-ramblas\/#breadcrumb","itemListElement":[{"@type":"ListItem","position":1,"name":"Home","item":"https:\/\/jcarchitect.com\/es\/"},{"@type":"ListItem","position":2,"name":"Reforma integral de pub irland\u00e9s en Las Ramblas"}]},{"@type":"WebSite","@id":"https:\/\/jcarchitect.com\/es\/#website","url":"https:\/\/jcarchitect.com\/es\/","name":"JC Architect","description":"Real Estate consultancy","publisher":{"@id":"https:\/\/jcarchitect.com\/es\/#organization"},"potentialAction":[{"@type":"SearchAction","target":{"@type":"EntryPoint","urlTemplate":"https:\/\/jcarchitect.com\/es\/?s={search_term_string}"},"query-input":"required name=search_term_string"}],"inLanguage":"es"},{"@type":"Organization","@id":"https:\/\/jcarchitect.com\/es\/#organization","name":"JC Architect","url":"https:\/\/jcarchitect.com\/es\/","logo":{"@type":"ImageObject","inLanguage":"es","@id":"https:\/\/jcarchitect.com\/es\/#\/schema\/logo\/image\/","url":"https:\/\/jcarchitect.com\/jcarchitect\/wp-content\/uploads\/favicon-bg.png","contentUrl":"https:\/\/jcarchitect.com\/jcarchitect\/wp-content\/uploads\/favicon-bg.png","width":144,"height":144,"caption":"JC Architect"},"image":{"@id":"https:\/\/jcarchitect.com\/es\/#\/schema\/logo\/image\/"}}]}},"_links":{"self":[{"href":"https:\/\/jcarchitect.com\/es\/wp-json\/wp\/v2\/project\/84009"}],"collection":[{"href":"https:\/\/jcarchitect.com\/es\/wp-json\/wp\/v2\/project"}],"about":[{"href":"https:\/\/jcarchitect.com\/es\/wp-json\/wp\/v2\/types\/project"}],"wp:featuredmedia":[{"embeddable":true,"href":"https:\/\/jcarchitect.com\/es\/wp-json\/wp\/v2\/media\/84010"}],"wp:attachment":[{"href":"https:\/\/jcarchitect.com\/es\/wp-json\/wp\/v2\/media?parent=84009"}],"wp:term":[{"taxonomy":"typology","embeddable":true,"href":"https:\/\/jcarchitect.com\/es\/wp-json\/wp\/v2\/typology?post=84009"},{"taxonomy":"location","embeddable":true,"href":"https:\/\/jcarchitect.com\/es\/wp-json\/wp\/v2\/location?post=84009"},{"taxonomy":"project-type","embeddable":true,"href":"https:\/\/jcarchitect.com\/es\/wp-json\/wp\/v2\/project-type?post=84009"}],"curies":[{"name":"wp","href":"https:\/\/api.w.org\/{rel}","templated":true}]}}

Reforma integral de pub irlandés en Las Ramblas

<p>Reforma integral de pub irlandés en Las Ramblas</p>
<p>¡Proyecto ejecutado en tiempo record!</p>
<p>Se trata de una reforma integral de un pub irlandes conocido como el Loomsday, localizado en Ramblas 21, Barcelona. Actualmente llamado Craic, que en el argot irlandés significa "pasar un buen rato". El encargo vino dado a inicios de noviembre del 2024 y el proyecto se entregó acabado antes de final de año.</p>
<p>El proyecto es uno de los más divertidos y genuinos que hemos podido realizar. Lo cierto es que el bar de inicio ya era bonito, por lo que la finalidad era mejorarlo. Se recuperó todo el suelo de madera, debastándolo y tintándolo en un color más natural. Se pinto el bar entero en color negro respetando el dorado de algunos detalles y recuperando algunos textos de sus bigas. La iluminación ha sido determinante para mejorar el ambiente, mediante reguladores de potencia y lámparas de baja temperatura. La parte posterior del bar se transformó completamente en unos baños completamente nuevos y una zona de dardos. Además se escogió papeles de un nuevo diseño que diese mayor calidez y elegancia a los espacios. También se barnizó la barra del bar en color verde, haciendo referencia a Irlanda, se colocaron espejos envejecidos en el trasdós del botellero del bar y se iluminaron estos y la barra con unas tiras LED regulables confiriendo una aspecto más lujoso y dando mayor presencia a los detalles ornamentales de la madera ya existente. También se recuperaron lo balsones de los techos, se aseguró la barandilla de la entrada y se repararon todos los deperfectos posibles con un presupuesto bastante reducido.</p>
<p>¡Un éxito!</p>

<!-- This site is optimized with the Yoast SEO plugin v22.6 - https://yoast.com/wordpress/plugins/seo/ -->
<title>Reforma integral de pub irlandés en Las Ramblas - JC Architect</title>
<meta name="robots" content="index, follow, max-snippet:-1, max-image-preview:large, max-video-preview:-1" />
<link rel="canonical" href="https://jcarchitect.com/es/project/reforma-integral-de-pub-irlandes-en-las-ramblas/" />
<meta property="og:locale" content="es_ES" />
<meta property="og:type" content="article" />
<meta property="og:title" content="Reforma integral de pub irlandés en Las Ramblas - JC Architect" />
<meta property="og:description" content="Reforma integral de pub irlandés en Las Ramblas ¡Proyecto ejecutado en tiempo record! Se trata de una reforma integral de un pub irlandes conocido como el Loomsday, localizado en Ramblas 21, Barcelona. Actualmente llamado Craic, que en el argot irlandés significa &quot;pasar un buen rato&quot;. El encargo vino dado a inicios de noviembre del 2024 [&hellip;]" />
<meta property="og:url" content="https://jcarchitect.com/es/project/reforma-integral-de-pub-irlandes-en-las-ramblas/" />
<meta property="og:site_name" content="JC Architect" />
<meta property="article:modified_time" content="2025-01-19T18:31:12+00:00" />
<meta property="og:image" content="https://jcarchitect.com/jcarchitect/wp-content/uploads/JC-2024-Final-16.jpg" />
	<meta property="og:image:width" content="1280" />
	<meta property="og:image:height" content="720" />
	<meta property="og:image:type" content="image/jpeg" />
<meta name="twitter:card" content="summary_large_image" />
<meta name="twitter:label1" content="Tiempo de lectura" />
	<meta name="twitter:data1" content="1 minuto" />
<script type="application/ld+json" class="yoast-schema-graph">{"@context":"https://schema.org","@graph":[{"@type":"WebPage","@id":"https://jcarchitect.com/es/project/reforma-integral-de-pub-irlandes-en-las-ramblas/","url":"https://jcarchitect.com/es/project/reforma-integral-de-pub-irlandes-en-las-ramblas/","name":"Reforma integral de pub irlandés en Las Ramblas - JC Architect","isPartOf":{"@id":"https://jcarchitect.com/es/#website"},"primaryImageOfPage":{"@id":"https://jcarchitect.com/es/project/reforma-integral-de-pub-irlandes-en-las-ramblas/#primaryimage"},"image":{"@id":"https://jcarchitect.com/es/project/reforma-integral-de-pub-irlandes-en-las-ramblas/#primaryimage"},"thumbnailUrl":"https://jcarchitect.com/jcarchitect/wp-content/uploads/JC-2024-Final-16.jpg","datePublished":"2025-01-19T18:20:39+00:00","dateModified":"2025-01-19T18:31:12+00:00","breadcrumb":{"@id":"https://jcarchitect.com/es/project/reforma-integral-de-pub-irlandes-en-las-ramblas/#breadcrumb"},"inLanguage":"es","potentialAction":[{"@type":"ReadAction","target":["https://jcarchitect.com/es/project/reforma-integral-de-pub-irlandes-en-las-ramblas/"]}]},{"@type":"ImageObject","inLanguage":"es","@id":"https://jcarchitect.com/es/project/reforma-integral-de-pub-irlandes-en-las-ramblas/#primaryimage","url":"https://jcarchitect.com/jcarchitect/wp-content/uploads/JC-2024-Final-16.jpg","contentUrl":"https://jcarchitect.com/jcarchitect/wp-content/uploads/JC-2024-Final-16.jpg","width":1280,"height":720},{"@type":"BreadcrumbList","@id":"https://jcarchitect.com/es/project/reforma-integral-de-pub-irlandes-en-las-ramblas/#breadcrumb","itemListElement":[{"@type":"ListItem","position":1,"name":"Home","item":"https://jcarchitect.com/es/"},{"@type":"ListItem","position":2,"name":"Reforma integral de pub irlandés en Las Ramblas"}]},{"@type":"WebSite","@id":"https://jcarchitect.com/es/#website","url":"https://jcarchitect.com/es/","name":"JC Architect","description":"Real Estate consultancy","publisher":{"@id":"https://jcarchitect.com/es/#organization"},"potentialAction":[{"@type":"SearchAction","target":{"@type":"EntryPoint","urlTemplate":"https://jcarchitect.com/es/?s={search_term_string}"},"query-input":"required name=search_term_string"}],"inLanguage":"es"},{"@type":"Organization","@id":"https://jcarchitect.com/es/#organization","name":"JC Architect","url":"https://jcarchitect.com/es/","logo":{"@type":"ImageObject","inLanguage":"es","@id":"https://jcarchitect.com/es/#/schema/logo/image/","url":"https://jcarchitect.com/jcarchitect/wp-content/uploads/favicon-bg.png","contentUrl":"https://jcarchitect.com/jcarchitect/wp-content/uploads/favicon-bg.png","width":144,"height":144,"caption":"JC Architect"},"image":{"@id":"https://jcarchitect.com/es/#/schema/logo/image/"}}]}</script>
<!-- / Yoast SEO plugin. -->

Reforma integral de pub irlandés en Las Ramblas - JC Architect

Reforma integral de pub irlandés en Las Ramblas ¡Proyecto ejecutado en tiempo record! Se trata de una reforma integral de un pub irlandes conocido como el Loomsday, localizado en Ramblas 21, Barcelona. Actualmente llamado Craic, que en el argot irlandés significa "pasar un buen rato". El encargo vino dado a inicios de noviembre del 2024 [&hellip;]
