{"id":84109,"date":"2025-01-19T19:23:45","date_gmt":"2025-01-19T18:23:45","guid":{"rendered":"https:\/\/jcarchitect.com\/?post_type=project&#038;p=84109"},"modified":"2025-01-19T19:23:45","modified_gmt":"2025-01-19T18:23:45","slug":"reforma-integral-de-pub-irlandes-a-la-rambla","status":"publish","type":"project","link":"https:\/\/jcarchitect.com\/ca\/project\/reforma-integral-de-pub-irlandes-a-la-rambla\/","title":{"rendered":"Reforma integral de pub irland\u00e8s a La Rambla"},"content":{"rendered":"<p>Reforma integral de pub irland\u00e8s a La Rambla<\/p>\n<p>Projecte executat en temps record!<\/p>\n<p>Es tracta d\u00b4una reforma integral d\u00b4un pub irlandes conegut com el Loomsday, localitzat a Rambles 21, Barcelona. Actualment anomenat Craic, que a l'argot irland\u00e8s significa \"passar una bona estona\". L'enc\u00e0rrec va venir donat a comen\u00e7aments de novembre del 2024 i el projecte es va lliurar acabat abans de final d'any.<\/p>\n<p>El projecte \u00e9s un dels m\u00e9s divertits i genu\u00efns que hem pogut fer. La veritat \u00e9s que el bar d'inici ja era bonic, i per aix\u00f2 la finalitat era millorar-lo. Es va recuperar tot el terra de fusta, debastant-lo i tintant-lo en un color m\u00e9s natural. Es va pintar el bar sencer en color negre respectant el daurat d'alguns detalls i recuperant alguns textos de les seves bigues. La il\u00b7luminaci\u00f3 ha estat determinant per millorar l'ambient, mitjan\u00e7ant reguladors de pot\u00e8ncia i l\u00e0mpades de baixa temperatura. La part posterior del bar es va transformar completament en uns banys completament nous i una zona de dards. A m\u00e9s, es va escollir papers d'un nou disseny que don\u00e9s m\u00e9s calidesa i eleg\u00e0ncia als espais. Tamb\u00e9 es va envernissar la barra del bar en color verd, fent refer\u00e8ncia a Irlanda, es van col\u00b7locar miralls envellits al trasd\u00f3s del boteller del bar i es van il\u00b7luminar aquests i la barra amb unes tires LED regulables conferint un aspecte m\u00e9s lux\u00f3s i donant m\u00e9s pres\u00e8ncia als detalls ornamentals de la fusta ja existent. Tamb\u00e9 es van recuperar els balsons dels sostres, es va assegurar la barana de l'entrada i es van reparar tots els deperfectes possibles amb un pressupost for\u00e7a redu\u00eft.<\/p>\n<p>Un \u00e8xit!<\/p>\n","protected":false},"featured_media":84011,"template":"","typology":[65,62],"location":[144],"project-type":[243],"yoast_head":"<!-- This site is optimized with the Yoast SEO plugin v22.6 - https:\/\/yoast.com\/wordpress\/plugins\/seo\/ -->\n<title>Reforma integral de pub irland\u00e8s a La Rambla - JC Architect<\/title>\n<meta name=\"robots\" content=\"index, follow, max-snippet:-1, max-image-preview:large, max-video-preview:-1\" \/>\n<link rel=\"canonical\" href=\"https:\/\/jcarchitect.com\/ca\/project\/reforma-integral-de-pub-irlandes-a-la-rambla\/\" \/>\n<meta property=\"og:locale\" content=\"ca_ES\" \/>\n<meta property=\"og:type\" content=\"article\" \/>\n<meta property=\"og:title\" content=\"Reforma integral de pub irland\u00e8s a La Rambla - JC Architect\" \/>\n<meta property=\"og:description\" content=\"Reforma integral de pub irland\u00e8s a La Rambla Projecte executat en temps record! Es tracta d\u00b4una reforma integral d\u00b4un pub irlandes conegut com el Loomsday, localitzat a Rambles 21, Barcelona. Actualment anomenat Craic, que a l&#039;argot irland\u00e8s significa &quot;passar una bona estona&quot;. L&#039;enc\u00e0rrec va venir donat a comen\u00e7aments de novembre del 2024 i el projecte [&hellip;]\" \/>\n<meta property=\"og:url\" content=\"https:\/\/jcarchitect.com\/ca\/project\/reforma-integral-de-pub-irlandes-a-la-rambla\/\" \/>\n<meta property=\"og:site_name\" content=\"JC Architect\" \/>\n<meta property=\"og:image\" content=\"https:\/\/jcarchitect.com\/jcarchitect\/wp-content\/uploads\/JC-2024-Final-16.jpg\" \/>\n\t<meta property=\"og:image:width\" content=\"1280\" \/>\n\t<meta property=\"og:image:height\" content=\"720\" \/>\n\t<meta property=\"og:image:type\" content=\"image\/jpeg\" \/>\n<meta name=\"twitter:card\" content=\"summary_large_image\" \/>\n<meta name=\"twitter:label1\" content=\"Temps estimat de lectura\" \/>\n\t<meta name=\"twitter:data1\" content=\"1 minut\" \/>\n<script type=\"application\/ld+json\" class=\"yoast-schema-graph\">{\"@context\":\"https:\/\/schema.org\",\"@graph\":[{\"@type\":\"WebPage\",\"@id\":\"https:\/\/jcarchitect.com\/ca\/project\/reforma-integral-de-pub-irlandes-a-la-rambla\/\",\"url\":\"https:\/\/jcarchitect.com\/ca\/project\/reforma-integral-de-pub-irlandes-a-la-rambla\/\",\"name\":\"Reforma integral de pub irland\u00e8s a La Rambla - JC Architect\",\"isPartOf\":{\"@id\":\"https:\/\/jcarchitect.com\/ca\/#website\"},\"primaryImageOfPage\":{\"@id\":\"https:\/\/jcarchitect.com\/ca\/project\/reforma-integral-de-pub-irlandes-a-la-rambla\/#primaryimage\"},\"image\":{\"@id\":\"https:\/\/jcarchitect.com\/ca\/project\/reforma-integral-de-pub-irlandes-a-la-rambla\/#primaryimage\"},\"thumbnailUrl\":\"https:\/\/jcarchitect.com\/jcarchitect\/wp-content\/uploads\/JC-2024-Final-16.jpg\",\"datePublished\":\"2025-01-19T18:23:45+00:00\",\"dateModified\":\"2025-01-19T18:23:45+00:00\",\"breadcrumb\":{\"@id\":\"https:\/\/jcarchitect.com\/ca\/project\/reforma-integral-de-pub-irlandes-a-la-rambla\/#breadcrumb\"},\"inLanguage\":\"ca\",\"potentialAction\":[{\"@type\":\"ReadAction\",\"target\":[\"https:\/\/jcarchitect.com\/ca\/project\/reforma-integral-de-pub-irlandes-a-la-rambla\/\"]}]},{\"@type\":\"ImageObject\",\"inLanguage\":\"ca\",\"@id\":\"https:\/\/jcarchitect.com\/ca\/project\/reforma-integral-de-pub-irlandes-a-la-rambla\/#primaryimage\",\"url\":\"https:\/\/jcarchitect.com\/jcarchitect\/wp-content\/uploads\/JC-2024-Final-16.jpg\",\"contentUrl\":\"https:\/\/jcarchitect.com\/jcarchitect\/wp-content\/uploads\/JC-2024-Final-16.jpg\",\"width\":1280,\"height\":720},{\"@type\":\"BreadcrumbList\",\"@id\":\"https:\/\/jcarchitect.com\/ca\/project\/reforma-integral-de-pub-irlandes-a-la-rambla\/#breadcrumb\",\"itemListElement\":[{\"@type\":\"ListItem\",\"position\":1,\"name\":\"Home\",\"item\":\"https:\/\/jcarchitect.com\/ca\/\"},{\"@type\":\"ListItem\",\"position\":2,\"name\":\"Reforma integral de pub irland\u00e8s a La Rambla\"}]},{\"@type\":\"WebSite\",\"@id\":\"https:\/\/jcarchitect.com\/ca\/#website\",\"url\":\"https:\/\/jcarchitect.com\/ca\/\",\"name\":\"JC Architect\",\"description\":\"Real Estate consultancy Barcelona\",\"publisher\":{\"@id\":\"https:\/\/jcarchitect.com\/ca\/#organization\"},\"potentialAction\":[{\"@type\":\"SearchAction\",\"target\":{\"@type\":\"EntryPoint\",\"urlTemplate\":\"https:\/\/jcarchitect.com\/ca\/?s={search_term_string}\"},\"query-input\":\"required name=search_term_string\"}],\"inLanguage\":\"ca\"},{\"@type\":\"Organization\",\"@id\":\"https:\/\/jcarchitect.com\/ca\/#organization\",\"name\":\"JC Architect\",\"url\":\"https:\/\/jcarchitect.com\/ca\/\",\"logo\":{\"@type\":\"ImageObject\",\"inLanguage\":\"ca\",\"@id\":\"https:\/\/jcarchitect.com\/ca\/#\/schema\/logo\/image\/\",\"url\":\"https:\/\/jcarchitect.com\/jcarchitect\/wp-content\/uploads\/favicon-bg.png\",\"contentUrl\":\"https:\/\/jcarchitect.com\/jcarchitect\/wp-content\/uploads\/favicon-bg.png\",\"width\":144,\"height\":144,\"caption\":\"JC Architect\"},\"image\":{\"@id\":\"https:\/\/jcarchitect.com\/ca\/#\/schema\/logo\/image\/\"}}]}<\/script>\n<!-- \/ Yoast SEO plugin. -->","yoast_head_json":{"title":"Reforma integral de pub irland\u00e8s a La Rambla - JC Architect","robots":{"index":"index","follow":"follow","max-snippet":"max-snippet:-1","max-image-preview":"max-image-preview:large","max-video-preview":"max-video-preview:-1"},"canonical":"https:\/\/jcarchitect.com\/ca\/project\/reforma-integral-de-pub-irlandes-a-la-rambla\/","og_locale":"ca_ES","og_type":"article","og_title":"Reforma integral de pub irland\u00e8s a La Rambla - JC Architect","og_description":"Reforma integral de pub irland\u00e8s a La Rambla Projecte executat en temps record! Es tracta d\u00b4una reforma integral d\u00b4un pub irlandes conegut com el Loomsday, localitzat a Rambles 21, Barcelona. Actualment anomenat Craic, que a l'argot irland\u00e8s significa \"passar una bona estona\". L'enc\u00e0rrec va venir donat a comen\u00e7aments de novembre del 2024 i el projecte [&hellip;]","og_url":"https:\/\/jcarchitect.com\/ca\/project\/reforma-integral-de-pub-irlandes-a-la-rambla\/","og_site_name":"JC Architect","og_image":[{"width":1280,"height":720,"url":"https:\/\/jcarchitect.com\/jcarchitect\/wp-content\/uploads\/JC-2024-Final-16.jpg","type":"image\/jpeg"}],"twitter_card":"summary_large_image","twitter_misc":{"Temps estimat de lectura":"1 minut"},"schema":{"@context":"https:\/\/schema.org","@graph":[{"@type":"WebPage","@id":"https:\/\/jcarchitect.com\/ca\/project\/reforma-integral-de-pub-irlandes-a-la-rambla\/","url":"https:\/\/jcarchitect.com\/ca\/project\/reforma-integral-de-pub-irlandes-a-la-rambla\/","name":"Reforma integral de pub irland\u00e8s a La Rambla - JC Architect","isPartOf":{"@id":"https:\/\/jcarchitect.com\/ca\/#website"},"primaryImageOfPage":{"@id":"https:\/\/jcarchitect.com\/ca\/project\/reforma-integral-de-pub-irlandes-a-la-rambla\/#primaryimage"},"image":{"@id":"https:\/\/jcarchitect.com\/ca\/project\/reforma-integral-de-pub-irlandes-a-la-rambla\/#primaryimage"},"thumbnailUrl":"https:\/\/jcarchitect.com\/jcarchitect\/wp-content\/uploads\/JC-2024-Final-16.jpg","datePublished":"2025-01-19T18:23:45+00:00","dateModified":"2025-01-19T18:23:45+00:00","breadcrumb":{"@id":"https:\/\/jcarchitect.com\/ca\/project\/reforma-integral-de-pub-irlandes-a-la-rambla\/#breadcrumb"},"inLanguage":"ca","potentialAction":[{"@type":"ReadAction","target":["https:\/\/jcarchitect.com\/ca\/project\/reforma-integral-de-pub-irlandes-a-la-rambla\/"]}]},{"@type":"ImageObject","inLanguage":"ca","@id":"https:\/\/jcarchitect.com\/ca\/project\/reforma-integral-de-pub-irlandes-a-la-rambla\/#primaryimage","url":"https:\/\/jcarchitect.com\/jcarchitect\/wp-content\/uploads\/JC-2024-Final-16.jpg","contentUrl":"https:\/\/jcarchitect.com\/jcarchitect\/wp-content\/uploads\/JC-2024-Final-16.jpg","width":1280,"height":720},{"@type":"BreadcrumbList","@id":"https:\/\/jcarchitect.com\/ca\/project\/reforma-integral-de-pub-irlandes-a-la-rambla\/#breadcrumb","itemListElement":[{"@type":"ListItem","position":1,"name":"Home","item":"https:\/\/jcarchitect.com\/ca\/"},{"@type":"ListItem","position":2,"name":"Reforma integral de pub irland\u00e8s a La Rambla"}]},{"@type":"WebSite","@id":"https:\/\/jcarchitect.com\/ca\/#website","url":"https:\/\/jcarchitect.com\/ca\/","name":"JC Architect","description":"Real Estate consultancy Barcelona","publisher":{"@id":"https:\/\/jcarchitect.com\/ca\/#organization"},"potentialAction":[{"@type":"SearchAction","target":{"@type":"EntryPoint","urlTemplate":"https:\/\/jcarchitect.com\/ca\/?s={search_term_string}"},"query-input":"required name=search_term_string"}],"inLanguage":"ca"},{"@type":"Organization","@id":"https:\/\/jcarchitect.com\/ca\/#organization","name":"JC Architect","url":"https:\/\/jcarchitect.com\/ca\/","logo":{"@type":"ImageObject","inLanguage":"ca","@id":"https:\/\/jcarchitect.com\/ca\/#\/schema\/logo\/image\/","url":"https:\/\/jcarchitect.com\/jcarchitect\/wp-content\/uploads\/favicon-bg.png","contentUrl":"https:\/\/jcarchitect.com\/jcarchitect\/wp-content\/uploads\/favicon-bg.png","width":144,"height":144,"caption":"JC Architect"},"image":{"@id":"https:\/\/jcarchitect.com\/ca\/#\/schema\/logo\/image\/"}}]}},"_links":{"self":[{"href":"https:\/\/jcarchitect.com\/ca\/wp-json\/wp\/v2\/project\/84109"}],"collection":[{"href":"https:\/\/jcarchitect.com\/ca\/wp-json\/wp\/v2\/project"}],"about":[{"href":"https:\/\/jcarchitect.com\/ca\/wp-json\/wp\/v2\/types\/project"}],"wp:featuredmedia":[{"embeddable":true,"href":"https:\/\/jcarchitect.com\/ca\/wp-json\/wp\/v2\/media\/84011"}],"wp:attachment":[{"href":"https:\/\/jcarchitect.com\/ca\/wp-json\/wp\/v2\/media?parent=84109"}],"wp:term":[{"taxonomy":"typology","embeddable":true,"href":"https:\/\/jcarchitect.com\/ca\/wp-json\/wp\/v2\/typology?post=84109"},{"taxonomy":"location","embeddable":true,"href":"https:\/\/jcarchitect.com\/ca\/wp-json\/wp\/v2\/location?post=84109"},{"taxonomy":"project-type","embeddable":true,"href":"https:\/\/jcarchitect.com\/ca\/wp-json\/wp\/v2\/project-type?post=84109"}],"curies":[{"name":"wp","href":"https:\/\/api.w.org\/{rel}","templated":true}]}}

Reforma integral de pub irlandès a La Rambla

<p>Reforma integral de pub irlandès a La Rambla</p>
<p>Projecte executat en temps record!</p>
<p>Es tracta d´una reforma integral d´un pub irlandes conegut com el Loomsday, localitzat a Rambles 21, Barcelona. Actualment anomenat Craic, que a l'argot irlandès significa "passar una bona estona". L'encàrrec va venir donat a començaments de novembre del 2024 i el projecte es va lliurar acabat abans de final d'any.</p>
<p>El projecte és un dels més divertits i genuïns que hem pogut fer. La veritat és que el bar d'inici ja era bonic, i per això la finalitat era millorar-lo. Es va recuperar tot el terra de fusta, debastant-lo i tintant-lo en un color més natural. Es va pintar el bar sencer en color negre respectant el daurat d'alguns detalls i recuperant alguns textos de les seves bigues. La il·luminació ha estat determinant per millorar l'ambient, mitjançant reguladors de potència i làmpades de baixa temperatura. La part posterior del bar es va transformar completament en uns banys completament nous i una zona de dards. A més, es va escollir papers d'un nou disseny que donés més calidesa i elegància als espais. També es va envernissar la barra del bar en color verd, fent referència a Irlanda, es van col·locar miralls envellits al trasdós del boteller del bar i es van il·luminar aquests i la barra amb unes tires LED regulables conferint un aspecte més luxós i donant més presència als detalls ornamentals de la fusta ja existent. També es van recuperar els balsons dels sostres, es va assegurar la barana de l'entrada i es van reparar tots els deperfectes possibles amb un pressupost força reduït.</p>
<p>Un èxit!</p>

<!-- This site is optimized with the Yoast SEO plugin v22.6 - https://yoast.com/wordpress/plugins/seo/ -->
<title>Reforma integral de pub irlandès a La Rambla - JC Architect</title>
<meta name="robots" content="index, follow, max-snippet:-1, max-image-preview:large, max-video-preview:-1" />
<link rel="canonical" href="https://jcarchitect.com/ca/project/reforma-integral-de-pub-irlandes-a-la-rambla/" />
<meta property="og:locale" content="ca_ES" />
<meta property="og:type" content="article" />
<meta property="og:title" content="Reforma integral de pub irlandès a La Rambla - JC Architect" />
<meta property="og:description" content="Reforma integral de pub irlandès a La Rambla Projecte executat en temps record! Es tracta d´una reforma integral d´un pub irlandes conegut com el Loomsday, localitzat a Rambles 21, Barcelona. Actualment anomenat Craic, que a l&#039;argot irlandès significa &quot;passar una bona estona&quot;. L&#039;encàrrec va venir donat a començaments de novembre del 2024 i el projecte [&hellip;]" />
<meta property="og:url" content="https://jcarchitect.com/ca/project/reforma-integral-de-pub-irlandes-a-la-rambla/" />
<meta property="og:site_name" content="JC Architect" />
<meta property="og:image" content="https://jcarchitect.com/jcarchitect/wp-content/uploads/JC-2024-Final-16.jpg" />
	<meta property="og:image:width" content="1280" />
	<meta property="og:image:height" content="720" />
	<meta property="og:image:type" content="image/jpeg" />
<meta name="twitter:card" content="summary_large_image" />
<meta name="twitter:label1" content="Temps estimat de lectura" />
	<meta name="twitter:data1" content="1 minut" />
<script type="application/ld+json" class="yoast-schema-graph">{"@context":"https://schema.org","@graph":[{"@type":"WebPage","@id":"https://jcarchitect.com/ca/project/reforma-integral-de-pub-irlandes-a-la-rambla/","url":"https://jcarchitect.com/ca/project/reforma-integral-de-pub-irlandes-a-la-rambla/","name":"Reforma integral de pub irlandès a La Rambla - JC Architect","isPartOf":{"@id":"https://jcarchitect.com/ca/#website"},"primaryImageOfPage":{"@id":"https://jcarchitect.com/ca/project/reforma-integral-de-pub-irlandes-a-la-rambla/#primaryimage"},"image":{"@id":"https://jcarchitect.com/ca/project/reforma-integral-de-pub-irlandes-a-la-rambla/#primaryimage"},"thumbnailUrl":"https://jcarchitect.com/jcarchitect/wp-content/uploads/JC-2024-Final-16.jpg","datePublished":"2025-01-19T18:23:45+00:00","dateModified":"2025-01-19T18:23:45+00:00","breadcrumb":{"@id":"https://jcarchitect.com/ca/project/reforma-integral-de-pub-irlandes-a-la-rambla/#breadcrumb"},"inLanguage":"ca","potentialAction":[{"@type":"ReadAction","target":["https://jcarchitect.com/ca/project/reforma-integral-de-pub-irlandes-a-la-rambla/"]}]},{"@type":"ImageObject","inLanguage":"ca","@id":"https://jcarchitect.com/ca/project/reforma-integral-de-pub-irlandes-a-la-rambla/#primaryimage","url":"https://jcarchitect.com/jcarchitect/wp-content/uploads/JC-2024-Final-16.jpg","contentUrl":"https://jcarchitect.com/jcarchitect/wp-content/uploads/JC-2024-Final-16.jpg","width":1280,"height":720},{"@type":"BreadcrumbList","@id":"https://jcarchitect.com/ca/project/reforma-integral-de-pub-irlandes-a-la-rambla/#breadcrumb","itemListElement":[{"@type":"ListItem","position":1,"name":"Home","item":"https://jcarchitect.com/ca/"},{"@type":"ListItem","position":2,"name":"Reforma integral de pub irlandès a La Rambla"}]},{"@type":"WebSite","@id":"https://jcarchitect.com/ca/#website","url":"https://jcarchitect.com/ca/","name":"JC Architect","description":"Real Estate consultancy Barcelona","publisher":{"@id":"https://jcarchitect.com/ca/#organization"},"potentialAction":[{"@type":"SearchAction","target":{"@type":"EntryPoint","urlTemplate":"https://jcarchitect.com/ca/?s={search_term_string}"},"query-input":"required name=search_term_string"}],"inLanguage":"ca"},{"@type":"Organization","@id":"https://jcarchitect.com/ca/#organization","name":"JC Architect","url":"https://jcarchitect.com/ca/","logo":{"@type":"ImageObject","inLanguage":"ca","@id":"https://jcarchitect.com/ca/#/schema/logo/image/","url":"https://jcarchitect.com/jcarchitect/wp-content/uploads/favicon-bg.png","contentUrl":"https://jcarchitect.com/jcarchitect/wp-content/uploads/favicon-bg.png","width":144,"height":144,"caption":"JC Architect"},"image":{"@id":"https://jcarchitect.com/ca/#/schema/logo/image/"}}]}</script>
<!-- / Yoast SEO plugin. -->

Reforma integral de pub irlandès a La Rambla - JC Architect

Reforma integral de pub irlandès a La Rambla Projecte executat en temps record! Es tracta d´una reforma integral d´un pub irlandes conegut com el Loomsday, localitzat a Rambles 21, Barcelona. Actualment anomenat Craic, que a l'argot irlandès significa "passar una bona estona". L'encàrrec va venir donat a començaments de novembre del 2024 i el projecte [&hellip;]
