{"id":35762,"date":"2006-04-21T19:19:08","date_gmt":"2006-04-21T17:19:08","guid":{"rendered":"https:\/\/jcarchitect.com\/?post_type=project&#038;p=35762"},"modified":"2020-04-21T19:19:28","modified_gmt":"2020-04-21T17:19:28","slug":"reforma-integral-de-casa-tradicional","status":"publish","type":"project","link":"https:\/\/jcarchitect.com\/ca\/project\/reforma-integral-de-casa-tradicional\/","title":{"rendered":"Reforma integral de casa tradicional"},"content":{"rendered":"<p>Reforma integral de casa tradicional<\/p>\n<p>En aquest projecte vam tenir el plaer de treballar juntament amb la dissenyadora novaiorquesa Deming Pratt.<\/p>\n<p>La renovaci\u00f3 de la sala d'estar consisteix en la construcci\u00f3 d'una llar de foc i la demolici\u00f3 de l'fals sostre existent. El sostre inclinat ocult es restaura mitjan\u00e7ant una secci\u00f3 en U que d\u00f3na suport cada biga de formig\u00f3 armat. El contraxapat a pintar es col\u00b7loca entre cada un dels motlles. La xemeneia vi a parts des de Fran\u00e7a. El color clar aplicat a les parets i el sostre i a terra t\u00e8xtil, aix\u00ed com a el foc, transformen la sala d'estar en un espai elegant i acollidor. La nova llibreria de fusta al voltant de la xemeneia convida, per descomptat, a la lectura. Al bany destaquen les rajoles de cer\u00e0mica color xocolata de 1\/2 \"x 1\/2\" al paviment, aix\u00ed com les peces de marbre gris de 25 \"x 5\" que cobreixen les parets.<\/p>\n<p>Tamb\u00e9 es va dissenyar un gimn\u00e0s en un espai no utilitzat dins d'aquesta espectacular mansi\u00f3 a Esplugues, Barcelona, \u200b\u200bconstru\u00efda durant el segle XVII. Es va gratar la volta per treure el guix que la cobria per mostrar els m\u00e8todes de construcci\u00f3 tradicionals. Els accessoris muntats en cable d'acer corren en el per\u00edmetre de l'espai amb orientaci\u00f3 independent. El gimn\u00e0s es completa amb un pis de fusta d'aur\u00f3 combinat amb armaris de fusta de el mateix color, m\u00e9s parets de to gris i la volta vermella.<\/p>\n<p>El projecte d'estudi comen\u00e7a amb la conversi\u00f3 d'una terrassa exterior coberta en una sala d'estudi. Els prestatges es creen a partir de suports en acer inoxidable i peces llargues de fusta. La seva horitzontalitat \u00e9s emfatitzada pel sistema d'il\u00b7luminaci\u00f3 que recorre espai. El s\u00f2l est\u00e0 cobert amb taules de fusta de bamb\u00fa i les finestres poden girar al voltant d'un eix horitzontal centrat.<\/p>\n<p>Treball desenvolupat: disseny de projectes i plans d'execuci\u00f3, documents de treball, especificacions, amidaments, control de costos i pressupostos, gesti\u00f3 i coordinaci\u00f3 de projectes i construcci\u00f3.<\/p>\n","protected":false},"featured_media":35722,"template":"","typology":[68],"location":[47],"project-type":[239],"yoast_head":"<!-- This site is optimized with the Yoast SEO plugin v22.6 - https:\/\/yoast.com\/wordpress\/plugins\/seo\/ -->\n<title>Reforma integral de casa tradicional - JC Architect<\/title>\n<meta name=\"robots\" content=\"index, follow, max-snippet:-1, max-image-preview:large, max-video-preview:-1\" \/>\n<link rel=\"canonical\" href=\"https:\/\/jcarchitect.com\/ca\/project\/reforma-integral-de-casa-tradicional\/\" \/>\n<meta property=\"og:locale\" content=\"ca_ES\" \/>\n<meta property=\"og:type\" content=\"article\" \/>\n<meta property=\"og:title\" content=\"Reforma integral de casa tradicional - JC Architect\" \/>\n<meta property=\"og:description\" content=\"Reforma integral de casa tradicional En aquest projecte vam tenir el plaer de treballar juntament amb la dissenyadora novaiorquesa Deming Pratt. La renovaci\u00f3 de la sala d&#039;estar consisteix en la construcci\u00f3 d&#039;una llar de foc i la demolici\u00f3 de l&#039;fals sostre existent. El sostre inclinat ocult es restaura mitjan\u00e7ant una secci\u00f3 en U que d\u00f3na [&hellip;]\" \/>\n<meta property=\"og:url\" content=\"https:\/\/jcarchitect.com\/ca\/project\/reforma-integral-de-casa-tradicional\/\" \/>\n<meta property=\"og:site_name\" content=\"JC Architect\" \/>\n<meta property=\"article:modified_time\" content=\"2020-04-21T17:19:28+00:00\" \/>\n<meta property=\"og:image\" content=\"https:\/\/jcarchitect.com\/jcarchitect\/wp-content\/uploads\/2006-001-1.jpg\" \/>\n\t<meta property=\"og:image:width\" content=\"1280\" \/>\n\t<meta property=\"og:image:height\" content=\"720\" \/>\n\t<meta property=\"og:image:type\" content=\"image\/jpeg\" \/>\n<meta name=\"twitter:card\" content=\"summary_large_image\" \/>\n<meta name=\"twitter:label1\" content=\"Temps estimat de lectura\" \/>\n\t<meta name=\"twitter:data1\" content=\"2 minuts\" \/>\n<script type=\"application\/ld+json\" class=\"yoast-schema-graph\">{\"@context\":\"https:\/\/schema.org\",\"@graph\":[{\"@type\":\"WebPage\",\"@id\":\"https:\/\/jcarchitect.com\/ca\/project\/reforma-integral-de-casa-tradicional\/\",\"url\":\"https:\/\/jcarchitect.com\/ca\/project\/reforma-integral-de-casa-tradicional\/\",\"name\":\"Reforma integral de casa tradicional - JC Architect\",\"isPartOf\":{\"@id\":\"https:\/\/jcarchitect.com\/ca\/#website\"},\"primaryImageOfPage\":{\"@id\":\"https:\/\/jcarchitect.com\/ca\/project\/reforma-integral-de-casa-tradicional\/#primaryimage\"},\"image\":{\"@id\":\"https:\/\/jcarchitect.com\/ca\/project\/reforma-integral-de-casa-tradicional\/#primaryimage\"},\"thumbnailUrl\":\"https:\/\/jcarchitect.com\/jcarchitect\/wp-content\/uploads\/2006-001-1.jpg\",\"datePublished\":\"2006-04-21T17:19:08+00:00\",\"dateModified\":\"2020-04-21T17:19:28+00:00\",\"breadcrumb\":{\"@id\":\"https:\/\/jcarchitect.com\/ca\/project\/reforma-integral-de-casa-tradicional\/#breadcrumb\"},\"inLanguage\":\"ca\",\"potentialAction\":[{\"@type\":\"ReadAction\",\"target\":[\"https:\/\/jcarchitect.com\/ca\/project\/reforma-integral-de-casa-tradicional\/\"]}]},{\"@type\":\"ImageObject\",\"inLanguage\":\"ca\",\"@id\":\"https:\/\/jcarchitect.com\/ca\/project\/reforma-integral-de-casa-tradicional\/#primaryimage\",\"url\":\"https:\/\/jcarchitect.com\/jcarchitect\/wp-content\/uploads\/2006-001-1.jpg\",\"contentUrl\":\"https:\/\/jcarchitect.com\/jcarchitect\/wp-content\/uploads\/2006-001-1.jpg\",\"width\":1280,\"height\":720},{\"@type\":\"BreadcrumbList\",\"@id\":\"https:\/\/jcarchitect.com\/ca\/project\/reforma-integral-de-casa-tradicional\/#breadcrumb\",\"itemListElement\":[{\"@type\":\"ListItem\",\"position\":1,\"name\":\"Home\",\"item\":\"https:\/\/jcarchitect.com\/ca\/\"},{\"@type\":\"ListItem\",\"position\":2,\"name\":\"Reforma integral de casa tradicional\"}]},{\"@type\":\"WebSite\",\"@id\":\"https:\/\/jcarchitect.com\/ca\/#website\",\"url\":\"https:\/\/jcarchitect.com\/ca\/\",\"name\":\"JC Architect\",\"description\":\"Real Estate consultancy Barcelona\",\"publisher\":{\"@id\":\"https:\/\/jcarchitect.com\/ca\/#organization\"},\"potentialAction\":[{\"@type\":\"SearchAction\",\"target\":{\"@type\":\"EntryPoint\",\"urlTemplate\":\"https:\/\/jcarchitect.com\/ca\/?s={search_term_string}\"},\"query-input\":\"required name=search_term_string\"}],\"inLanguage\":\"ca\"},{\"@type\":\"Organization\",\"@id\":\"https:\/\/jcarchitect.com\/ca\/#organization\",\"name\":\"JC Architect\",\"url\":\"https:\/\/jcarchitect.com\/ca\/\",\"logo\":{\"@type\":\"ImageObject\",\"inLanguage\":\"ca\",\"@id\":\"https:\/\/jcarchitect.com\/ca\/#\/schema\/logo\/image\/\",\"url\":\"https:\/\/jcarchitect.com\/jcarchitect\/wp-content\/uploads\/favicon-bg.png\",\"contentUrl\":\"https:\/\/jcarchitect.com\/jcarchitect\/wp-content\/uploads\/favicon-bg.png\",\"width\":144,\"height\":144,\"caption\":\"JC Architect\"},\"image\":{\"@id\":\"https:\/\/jcarchitect.com\/ca\/#\/schema\/logo\/image\/\"}}]}<\/script>\n<!-- \/ Yoast SEO plugin. -->","yoast_head_json":{"title":"Reforma integral de casa tradicional - JC Architect","robots":{"index":"index","follow":"follow","max-snippet":"max-snippet:-1","max-image-preview":"max-image-preview:large","max-video-preview":"max-video-preview:-1"},"canonical":"https:\/\/jcarchitect.com\/ca\/project\/reforma-integral-de-casa-tradicional\/","og_locale":"ca_ES","og_type":"article","og_title":"Reforma integral de casa tradicional - JC Architect","og_description":"Reforma integral de casa tradicional En aquest projecte vam tenir el plaer de treballar juntament amb la dissenyadora novaiorquesa Deming Pratt. La renovaci\u00f3 de la sala d'estar consisteix en la construcci\u00f3 d'una llar de foc i la demolici\u00f3 de l'fals sostre existent. El sostre inclinat ocult es restaura mitjan\u00e7ant una secci\u00f3 en U que d\u00f3na [&hellip;]","og_url":"https:\/\/jcarchitect.com\/ca\/project\/reforma-integral-de-casa-tradicional\/","og_site_name":"JC Architect","article_modified_time":"2020-04-21T17:19:28+00:00","og_image":[{"width":1280,"height":720,"url":"https:\/\/jcarchitect.com\/jcarchitect\/wp-content\/uploads\/2006-001-1.jpg","type":"image\/jpeg"}],"twitter_card":"summary_large_image","twitter_misc":{"Temps estimat de lectura":"2 minuts"},"schema":{"@context":"https:\/\/schema.org","@graph":[{"@type":"WebPage","@id":"https:\/\/jcarchitect.com\/ca\/project\/reforma-integral-de-casa-tradicional\/","url":"https:\/\/jcarchitect.com\/ca\/project\/reforma-integral-de-casa-tradicional\/","name":"Reforma integral de casa tradicional - JC Architect","isPartOf":{"@id":"https:\/\/jcarchitect.com\/ca\/#website"},"primaryImageOfPage":{"@id":"https:\/\/jcarchitect.com\/ca\/project\/reforma-integral-de-casa-tradicional\/#primaryimage"},"image":{"@id":"https:\/\/jcarchitect.com\/ca\/project\/reforma-integral-de-casa-tradicional\/#primaryimage"},"thumbnailUrl":"https:\/\/jcarchitect.com\/jcarchitect\/wp-content\/uploads\/2006-001-1.jpg","datePublished":"2006-04-21T17:19:08+00:00","dateModified":"2020-04-21T17:19:28+00:00","breadcrumb":{"@id":"https:\/\/jcarchitect.com\/ca\/project\/reforma-integral-de-casa-tradicional\/#breadcrumb"},"inLanguage":"ca","potentialAction":[{"@type":"ReadAction","target":["https:\/\/jcarchitect.com\/ca\/project\/reforma-integral-de-casa-tradicional\/"]}]},{"@type":"ImageObject","inLanguage":"ca","@id":"https:\/\/jcarchitect.com\/ca\/project\/reforma-integral-de-casa-tradicional\/#primaryimage","url":"https:\/\/jcarchitect.com\/jcarchitect\/wp-content\/uploads\/2006-001-1.jpg","contentUrl":"https:\/\/jcarchitect.com\/jcarchitect\/wp-content\/uploads\/2006-001-1.jpg","width":1280,"height":720},{"@type":"BreadcrumbList","@id":"https:\/\/jcarchitect.com\/ca\/project\/reforma-integral-de-casa-tradicional\/#breadcrumb","itemListElement":[{"@type":"ListItem","position":1,"name":"Home","item":"https:\/\/jcarchitect.com\/ca\/"},{"@type":"ListItem","position":2,"name":"Reforma integral de casa tradicional"}]},{"@type":"WebSite","@id":"https:\/\/jcarchitect.com\/ca\/#website","url":"https:\/\/jcarchitect.com\/ca\/","name":"JC Architect","description":"Real Estate consultancy Barcelona","publisher":{"@id":"https:\/\/jcarchitect.com\/ca\/#organization"},"potentialAction":[{"@type":"SearchAction","target":{"@type":"EntryPoint","urlTemplate":"https:\/\/jcarchitect.com\/ca\/?s={search_term_string}"},"query-input":"required name=search_term_string"}],"inLanguage":"ca"},{"@type":"Organization","@id":"https:\/\/jcarchitect.com\/ca\/#organization","name":"JC Architect","url":"https:\/\/jcarchitect.com\/ca\/","logo":{"@type":"ImageObject","inLanguage":"ca","@id":"https:\/\/jcarchitect.com\/ca\/#\/schema\/logo\/image\/","url":"https:\/\/jcarchitect.com\/jcarchitect\/wp-content\/uploads\/favicon-bg.png","contentUrl":"https:\/\/jcarchitect.com\/jcarchitect\/wp-content\/uploads\/favicon-bg.png","width":144,"height":144,"caption":"JC Architect"},"image":{"@id":"https:\/\/jcarchitect.com\/ca\/#\/schema\/logo\/image\/"}}]}},"_links":{"self":[{"href":"https:\/\/jcarchitect.com\/ca\/wp-json\/wp\/v2\/project\/35762"}],"collection":[{"href":"https:\/\/jcarchitect.com\/ca\/wp-json\/wp\/v2\/project"}],"about":[{"href":"https:\/\/jcarchitect.com\/ca\/wp-json\/wp\/v2\/types\/project"}],"wp:featuredmedia":[{"embeddable":true,"href":"https:\/\/jcarchitect.com\/ca\/wp-json\/wp\/v2\/media\/35722"}],"wp:attachment":[{"href":"https:\/\/jcarchitect.com\/ca\/wp-json\/wp\/v2\/media?parent=35762"}],"wp:term":[{"taxonomy":"typology","embeddable":true,"href":"https:\/\/jcarchitect.com\/ca\/wp-json\/wp\/v2\/typology?post=35762"},{"taxonomy":"location","embeddable":true,"href":"https:\/\/jcarchitect.com\/ca\/wp-json\/wp\/v2\/location?post=35762"},{"taxonomy":"project-type","embeddable":true,"href":"https:\/\/jcarchitect.com\/ca\/wp-json\/wp\/v2\/project-type?post=35762"}],"curies":[{"name":"wp","href":"https:\/\/api.w.org\/{rel}","templated":true}]}}

<p>Reforma integral de casa tradicional</p>
<p>En aquest projecte vam tenir el plaer de treballar juntament amb la dissenyadora novaiorquesa Deming Pratt.</p>
<p>La renovació de la sala d'estar consisteix en la construcció d'una llar de foc i la demolició de l'fals sostre existent. El sostre inclinat ocult es restaura mitjançant una secció en U que dóna suport cada biga de formigó armat. El contraxapat a pintar es col·loca entre cada un dels motlles. La xemeneia vi a parts des de França. El color clar aplicat a les parets i el sostre i a terra tèxtil, així com a el foc, transformen la sala d'estar en un espai elegant i acollidor. La nova llibreria de fusta al voltant de la xemeneia convida, per descomptat, a la lectura. Al bany destaquen les rajoles de ceràmica color xocolata de 1/2 "x 1/2" al paviment, així com les peces de marbre gris de 25 "x 5" que cobreixen les parets.</p>
<p>També es va dissenyar un gimnàs en un espai no utilitzat dins d'aquesta espectacular mansió a Esplugues, Barcelona, ​​construïda durant el segle XVII. Es va gratar la volta per treure el guix que la cobria per mostrar els mètodes de construcció tradicionals. Els accessoris muntats en cable d'acer corren en el perímetre de l'espai amb orientació independent. El gimnàs es completa amb un pis de fusta d'auró combinat amb armaris de fusta de el mateix color, més parets de to gris i la volta vermella.</p>
<p>El projecte d'estudi comença amb la conversió d'una terrassa exterior coberta en una sala d'estudi. Els prestatges es creen a partir de suports en acer inoxidable i peces llargues de fusta. La seva horitzontalitat és emfatitzada pel sistema d'il·luminació que recorre espai. El sòl està cobert amb taules de fusta de bambú i les finestres poden girar al voltant d'un eix horitzontal centrat.</p>
<p>Treball desenvolupat: disseny de projectes i plans d'execució, documents de treball, especificacions, amidaments, control de costos i pressupostos, gestió i coordinació de projectes i construcció.</p>

<!-- This site is optimized with the Yoast SEO plugin v22.6 - https://yoast.com/wordpress/plugins/seo/ -->
<title>Reforma integral de casa tradicional - JC Architect</title>
<meta name="robots" content="index, follow, max-snippet:-1, max-image-preview:large, max-video-preview:-1" />
<link rel="canonical" href="https://jcarchitect.com/ca/project/reforma-integral-de-casa-tradicional/" />
<meta property="og:locale" content="ca_ES" />
<meta property="og:type" content="article" />
<meta property="og:title" content="Reforma integral de casa tradicional - JC Architect" />
<meta property="og:description" content="Reforma integral de casa tradicional En aquest projecte vam tenir el plaer de treballar juntament amb la dissenyadora novaiorquesa Deming Pratt. La renovació de la sala d&#039;estar consisteix en la construcció d&#039;una llar de foc i la demolició de l&#039;fals sostre existent. El sostre inclinat ocult es restaura mitjançant una secció en U que dóna [&hellip;]" />
<meta property="og:url" content="https://jcarchitect.com/ca/project/reforma-integral-de-casa-tradicional/" />
<meta property="og:site_name" content="JC Architect" />
<meta property="article:modified_time" content="2020-04-21T17:19:28+00:00" />
<meta property="og:image" content="https://jcarchitect.com/jcarchitect/wp-content/uploads/2006-001-1.jpg" />
	<meta property="og:image:width" content="1280" />
	<meta property="og:image:height" content="720" />
	<meta property="og:image:type" content="image/jpeg" />
<meta name="twitter:card" content="summary_large_image" />
<meta name="twitter:label1" content="Temps estimat de lectura" />
	<meta name="twitter:data1" content="2 minuts" />
<script type="application/ld+json" class="yoast-schema-graph">{"@context":"https://schema.org","@graph":[{"@type":"WebPage","@id":"https://jcarchitect.com/ca/project/reforma-integral-de-casa-tradicional/","url":"https://jcarchitect.com/ca/project/reforma-integral-de-casa-tradicional/","name":"Reforma integral de casa tradicional - JC Architect","isPartOf":{"@id":"https://jcarchitect.com/ca/#website"},"primaryImageOfPage":{"@id":"https://jcarchitect.com/ca/project/reforma-integral-de-casa-tradicional/#primaryimage"},"image":{"@id":"https://jcarchitect.com/ca/project/reforma-integral-de-casa-tradicional/#primaryimage"},"thumbnailUrl":"https://jcarchitect.com/jcarchitect/wp-content/uploads/2006-001-1.jpg","datePublished":"2006-04-21T17:19:08+00:00","dateModified":"2020-04-21T17:19:28+00:00","breadcrumb":{"@id":"https://jcarchitect.com/ca/project/reforma-integral-de-casa-tradicional/#breadcrumb"},"inLanguage":"ca","potentialAction":[{"@type":"ReadAction","target":["https://jcarchitect.com/ca/project/reforma-integral-de-casa-tradicional/"]}]},{"@type":"ImageObject","inLanguage":"ca","@id":"https://jcarchitect.com/ca/project/reforma-integral-de-casa-tradicional/#primaryimage","url":"https://jcarchitect.com/jcarchitect/wp-content/uploads/2006-001-1.jpg","contentUrl":"https://jcarchitect.com/jcarchitect/wp-content/uploads/2006-001-1.jpg","width":1280,"height":720},{"@type":"BreadcrumbList","@id":"https://jcarchitect.com/ca/project/reforma-integral-de-casa-tradicional/#breadcrumb","itemListElement":[{"@type":"ListItem","position":1,"name":"Home","item":"https://jcarchitect.com/ca/"},{"@type":"ListItem","position":2,"name":"Reforma integral de casa tradicional"}]},{"@type":"WebSite","@id":"https://jcarchitect.com/ca/#website","url":"https://jcarchitect.com/ca/","name":"JC Architect","description":"Real Estate consultancy Barcelona","publisher":{"@id":"https://jcarchitect.com/ca/#organization"},"potentialAction":[{"@type":"SearchAction","target":{"@type":"EntryPoint","urlTemplate":"https://jcarchitect.com/ca/?s={search_term_string}"},"query-input":"required name=search_term_string"}],"inLanguage":"ca"},{"@type":"Organization","@id":"https://jcarchitect.com/ca/#organization","name":"JC Architect","url":"https://jcarchitect.com/ca/","logo":{"@type":"ImageObject","inLanguage":"ca","@id":"https://jcarchitect.com/ca/#/schema/logo/image/","url":"https://jcarchitect.com/jcarchitect/wp-content/uploads/favicon-bg.png","contentUrl":"https://jcarchitect.com/jcarchitect/wp-content/uploads/favicon-bg.png","width":144,"height":144,"caption":"JC Architect"},"image":{"@id":"https://jcarchitect.com/ca/#/schema/logo/image/"}}]}</script>
<!-- / Yoast SEO plugin. -->

Reforma integral de casa tradicional En aquest projecte vam tenir el plaer de treballar juntament amb la dissenyadora novaiorquesa Deming Pratt. La renovació de la sala d'estar consisteix en la construcció d'una llar de foc i la demolició de l'fals sostre existent. El sostre inclinat ocult es restaura mitjançant una secció en U que dóna [&hellip;]
