{"id":35219,"date":"2015-04-19T19:47:55","date_gmt":"2015-04-19T19:47:55","guid":{"rendered":"https:\/\/jcarchitect.com\/?post_type=project&#038;p=35219"},"modified":"2020-04-19T19:48:19","modified_gmt":"2020-04-19T19:48:19","slug":"rehabilitacio-habitatge-a-barcelona","status":"publish","type":"project","link":"https:\/\/jcarchitect.com\/ca\/project\/rehabilitacio-habitatge-a-barcelona\/","title":{"rendered":"Rehabilitaci\u00f3 habitatge a Barcelona"},"content":{"rendered":"<p>El projecte sorgeix de la necessitat de reformar \u00edntegrament un habitatge antic situat a la Gran Via, donat el seu estat bastant deteriorat. El projecte consisteix en la conversi\u00f3 d'un habitatge ubicat a la planta tercera de l'edifici, de qu\u00e8 es conserven les parets de c\u00e0rrega i forjats, i es modifiquen algunes divisions interiors. Donada la precarietat de conservaci\u00f3 de l'immoble aquesta intervenci\u00f3 suposa una gran millora per a aquest.<\/p>\n<p>Edifici constru\u00eft el 1888.<\/p>\n<p>La parcel\u00b7la ocupa una superf\u00edcie de 273 m\u00b2 en planta de forma rectangular inclinada amb el seu costat m\u00e9s llarg amb una profunditat de 29,33 m en sentit no perpendicular al carrer i de 12,31 m de longitud de fa\u00e7ana que d\u00f3na a la Gran Via i 10,42 m de longitud de la fa\u00e7ana posterior.<\/p>\n<p>L'edifici es troba aproximadament en el l\u00edmit entre l'eixample i el casc antic, al costat de Pla\u00e7a Catalunya. Aquest districte \u00e9s conegut pel seu ordre ortogonal dels carrers i per les excel\u00b7lents infraestructures de comunicaci\u00f3 de qu\u00e8 disposa amb acc\u00e9s a la xarxa de Transport Metropolit\u00e0 de Barcelona.<\/p>\n","protected":false},"featured_media":35044,"template":"","typology":[67],"location":[47],"project-type":[239],"yoast_head":"<!-- This site is optimized with the Yoast SEO plugin v22.6 - https:\/\/yoast.com\/wordpress\/plugins\/seo\/ -->\n<title>Rehabilitaci\u00f3 habitatge a Barcelona - JC Architect<\/title>\n<meta name=\"robots\" content=\"index, follow, max-snippet:-1, max-image-preview:large, max-video-preview:-1\" \/>\n<link rel=\"canonical\" href=\"https:\/\/jcarchitect.com\/ca\/project\/rehabilitacio-habitatge-a-barcelona\/\" \/>\n<meta property=\"og:locale\" content=\"ca_ES\" \/>\n<meta property=\"og:type\" content=\"article\" \/>\n<meta property=\"og:title\" content=\"Rehabilitaci\u00f3 habitatge a Barcelona - JC Architect\" \/>\n<meta property=\"og:description\" content=\"El projecte sorgeix de la necessitat de reformar \u00edntegrament un habitatge antic situat a la Gran Via, donat el seu estat bastant deteriorat. El projecte consisteix en la conversi\u00f3 d&#039;un habitatge ubicat a la planta tercera de l&#039;edifici, de qu\u00e8 es conserven les parets de c\u00e0rrega i forjats, i es modifiquen algunes divisions interiors. Donada [&hellip;]\" \/>\n<meta property=\"og:url\" content=\"https:\/\/jcarchitect.com\/ca\/project\/rehabilitacio-habitatge-a-barcelona\/\" \/>\n<meta property=\"og:site_name\" content=\"JC Architect\" \/>\n<meta property=\"article:modified_time\" content=\"2020-04-19T19:48:19+00:00\" \/>\n<meta property=\"og:image\" content=\"https:\/\/jcarchitect.com\/jcarchitect\/wp-content\/uploads\/2015-001-16.jpeg\" \/>\n\t<meta property=\"og:image:width\" content=\"1280\" \/>\n\t<meta property=\"og:image:height\" content=\"720\" \/>\n\t<meta property=\"og:image:type\" content=\"image\/jpeg\" \/>\n<meta name=\"twitter:card\" content=\"summary_large_image\" \/>\n<meta name=\"twitter:label1\" content=\"Temps estimat de lectura\" \/>\n\t<meta name=\"twitter:data1\" content=\"1 minut\" \/>\n<script type=\"application\/ld+json\" class=\"yoast-schema-graph\">{\"@context\":\"https:\/\/schema.org\",\"@graph\":[{\"@type\":\"WebPage\",\"@id\":\"https:\/\/jcarchitect.com\/ca\/project\/rehabilitacio-habitatge-a-barcelona\/\",\"url\":\"https:\/\/jcarchitect.com\/ca\/project\/rehabilitacio-habitatge-a-barcelona\/\",\"name\":\"Rehabilitaci\u00f3 habitatge a Barcelona - JC Architect\",\"isPartOf\":{\"@id\":\"https:\/\/jcarchitect.com\/ca\/#website\"},\"primaryImageOfPage\":{\"@id\":\"https:\/\/jcarchitect.com\/ca\/project\/rehabilitacio-habitatge-a-barcelona\/#primaryimage\"},\"image\":{\"@id\":\"https:\/\/jcarchitect.com\/ca\/project\/rehabilitacio-habitatge-a-barcelona\/#primaryimage\"},\"thumbnailUrl\":\"https:\/\/jcarchitect.com\/jcarchitect\/wp-content\/uploads\/2015-001-16.jpeg\",\"datePublished\":\"2015-04-19T19:47:55+00:00\",\"dateModified\":\"2020-04-19T19:48:19+00:00\",\"breadcrumb\":{\"@id\":\"https:\/\/jcarchitect.com\/ca\/project\/rehabilitacio-habitatge-a-barcelona\/#breadcrumb\"},\"inLanguage\":\"ca\",\"potentialAction\":[{\"@type\":\"ReadAction\",\"target\":[\"https:\/\/jcarchitect.com\/ca\/project\/rehabilitacio-habitatge-a-barcelona\/\"]}]},{\"@type\":\"ImageObject\",\"inLanguage\":\"ca\",\"@id\":\"https:\/\/jcarchitect.com\/ca\/project\/rehabilitacio-habitatge-a-barcelona\/#primaryimage\",\"url\":\"https:\/\/jcarchitect.com\/jcarchitect\/wp-content\/uploads\/2015-001-16.jpeg\",\"contentUrl\":\"https:\/\/jcarchitect.com\/jcarchitect\/wp-content\/uploads\/2015-001-16.jpeg\",\"width\":1280,\"height\":720},{\"@type\":\"BreadcrumbList\",\"@id\":\"https:\/\/jcarchitect.com\/ca\/project\/rehabilitacio-habitatge-a-barcelona\/#breadcrumb\",\"itemListElement\":[{\"@type\":\"ListItem\",\"position\":1,\"name\":\"Home\",\"item\":\"https:\/\/jcarchitect.com\/ca\/\"},{\"@type\":\"ListItem\",\"position\":2,\"name\":\"Rehabilitaci\u00f3 habitatge a Barcelona\"}]},{\"@type\":\"WebSite\",\"@id\":\"https:\/\/jcarchitect.com\/ca\/#website\",\"url\":\"https:\/\/jcarchitect.com\/ca\/\",\"name\":\"JC Architect\",\"description\":\"Real Estate consultancy Barcelona\",\"publisher\":{\"@id\":\"https:\/\/jcarchitect.com\/ca\/#organization\"},\"potentialAction\":[{\"@type\":\"SearchAction\",\"target\":{\"@type\":\"EntryPoint\",\"urlTemplate\":\"https:\/\/jcarchitect.com\/ca\/?s={search_term_string}\"},\"query-input\":\"required name=search_term_string\"}],\"inLanguage\":\"ca\"},{\"@type\":\"Organization\",\"@id\":\"https:\/\/jcarchitect.com\/ca\/#organization\",\"name\":\"JC Architect\",\"url\":\"https:\/\/jcarchitect.com\/ca\/\",\"logo\":{\"@type\":\"ImageObject\",\"inLanguage\":\"ca\",\"@id\":\"https:\/\/jcarchitect.com\/ca\/#\/schema\/logo\/image\/\",\"url\":\"https:\/\/jcarchitect.com\/jcarchitect\/wp-content\/uploads\/favicon-bg.png\",\"contentUrl\":\"https:\/\/jcarchitect.com\/jcarchitect\/wp-content\/uploads\/favicon-bg.png\",\"width\":144,\"height\":144,\"caption\":\"JC Architect\"},\"image\":{\"@id\":\"https:\/\/jcarchitect.com\/ca\/#\/schema\/logo\/image\/\"}}]}<\/script>\n<!-- \/ Yoast SEO plugin. -->","yoast_head_json":{"title":"Rehabilitaci\u00f3 habitatge a Barcelona - JC Architect","robots":{"index":"index","follow":"follow","max-snippet":"max-snippet:-1","max-image-preview":"max-image-preview:large","max-video-preview":"max-video-preview:-1"},"canonical":"https:\/\/jcarchitect.com\/ca\/project\/rehabilitacio-habitatge-a-barcelona\/","og_locale":"ca_ES","og_type":"article","og_title":"Rehabilitaci\u00f3 habitatge a Barcelona - JC Architect","og_description":"El projecte sorgeix de la necessitat de reformar \u00edntegrament un habitatge antic situat a la Gran Via, donat el seu estat bastant deteriorat. El projecte consisteix en la conversi\u00f3 d'un habitatge ubicat a la planta tercera de l'edifici, de qu\u00e8 es conserven les parets de c\u00e0rrega i forjats, i es modifiquen algunes divisions interiors. Donada [&hellip;]","og_url":"https:\/\/jcarchitect.com\/ca\/project\/rehabilitacio-habitatge-a-barcelona\/","og_site_name":"JC Architect","article_modified_time":"2020-04-19T19:48:19+00:00","og_image":[{"width":1280,"height":720,"url":"https:\/\/jcarchitect.com\/jcarchitect\/wp-content\/uploads\/2015-001-16.jpeg","type":"image\/jpeg"}],"twitter_card":"summary_large_image","twitter_misc":{"Temps estimat de lectura":"1 minut"},"schema":{"@context":"https:\/\/schema.org","@graph":[{"@type":"WebPage","@id":"https:\/\/jcarchitect.com\/ca\/project\/rehabilitacio-habitatge-a-barcelona\/","url":"https:\/\/jcarchitect.com\/ca\/project\/rehabilitacio-habitatge-a-barcelona\/","name":"Rehabilitaci\u00f3 habitatge a Barcelona - JC Architect","isPartOf":{"@id":"https:\/\/jcarchitect.com\/ca\/#website"},"primaryImageOfPage":{"@id":"https:\/\/jcarchitect.com\/ca\/project\/rehabilitacio-habitatge-a-barcelona\/#primaryimage"},"image":{"@id":"https:\/\/jcarchitect.com\/ca\/project\/rehabilitacio-habitatge-a-barcelona\/#primaryimage"},"thumbnailUrl":"https:\/\/jcarchitect.com\/jcarchitect\/wp-content\/uploads\/2015-001-16.jpeg","datePublished":"2015-04-19T19:47:55+00:00","dateModified":"2020-04-19T19:48:19+00:00","breadcrumb":{"@id":"https:\/\/jcarchitect.com\/ca\/project\/rehabilitacio-habitatge-a-barcelona\/#breadcrumb"},"inLanguage":"ca","potentialAction":[{"@type":"ReadAction","target":["https:\/\/jcarchitect.com\/ca\/project\/rehabilitacio-habitatge-a-barcelona\/"]}]},{"@type":"ImageObject","inLanguage":"ca","@id":"https:\/\/jcarchitect.com\/ca\/project\/rehabilitacio-habitatge-a-barcelona\/#primaryimage","url":"https:\/\/jcarchitect.com\/jcarchitect\/wp-content\/uploads\/2015-001-16.jpeg","contentUrl":"https:\/\/jcarchitect.com\/jcarchitect\/wp-content\/uploads\/2015-001-16.jpeg","width":1280,"height":720},{"@type":"BreadcrumbList","@id":"https:\/\/jcarchitect.com\/ca\/project\/rehabilitacio-habitatge-a-barcelona\/#breadcrumb","itemListElement":[{"@type":"ListItem","position":1,"name":"Home","item":"https:\/\/jcarchitect.com\/ca\/"},{"@type":"ListItem","position":2,"name":"Rehabilitaci\u00f3 habitatge a Barcelona"}]},{"@type":"WebSite","@id":"https:\/\/jcarchitect.com\/ca\/#website","url":"https:\/\/jcarchitect.com\/ca\/","name":"JC Architect","description":"Real Estate consultancy Barcelona","publisher":{"@id":"https:\/\/jcarchitect.com\/ca\/#organization"},"potentialAction":[{"@type":"SearchAction","target":{"@type":"EntryPoint","urlTemplate":"https:\/\/jcarchitect.com\/ca\/?s={search_term_string}"},"query-input":"required name=search_term_string"}],"inLanguage":"ca"},{"@type":"Organization","@id":"https:\/\/jcarchitect.com\/ca\/#organization","name":"JC Architect","url":"https:\/\/jcarchitect.com\/ca\/","logo":{"@type":"ImageObject","inLanguage":"ca","@id":"https:\/\/jcarchitect.com\/ca\/#\/schema\/logo\/image\/","url":"https:\/\/jcarchitect.com\/jcarchitect\/wp-content\/uploads\/favicon-bg.png","contentUrl":"https:\/\/jcarchitect.com\/jcarchitect\/wp-content\/uploads\/favicon-bg.png","width":144,"height":144,"caption":"JC Architect"},"image":{"@id":"https:\/\/jcarchitect.com\/ca\/#\/schema\/logo\/image\/"}}]}},"_links":{"self":[{"href":"https:\/\/jcarchitect.com\/ca\/wp-json\/wp\/v2\/project\/35219"}],"collection":[{"href":"https:\/\/jcarchitect.com\/ca\/wp-json\/wp\/v2\/project"}],"about":[{"href":"https:\/\/jcarchitect.com\/ca\/wp-json\/wp\/v2\/types\/project"}],"wp:featuredmedia":[{"embeddable":true,"href":"https:\/\/jcarchitect.com\/ca\/wp-json\/wp\/v2\/media\/35044"}],"wp:attachment":[{"href":"https:\/\/jcarchitect.com\/ca\/wp-json\/wp\/v2\/media?parent=35219"}],"wp:term":[{"taxonomy":"typology","embeddable":true,"href":"https:\/\/jcarchitect.com\/ca\/wp-json\/wp\/v2\/typology?post=35219"},{"taxonomy":"location","embeddable":true,"href":"https:\/\/jcarchitect.com\/ca\/wp-json\/wp\/v2\/location?post=35219"},{"taxonomy":"project-type","embeddable":true,"href":"https:\/\/jcarchitect.com\/ca\/wp-json\/wp\/v2\/project-type?post=35219"}],"curies":[{"name":"wp","href":"https:\/\/api.w.org\/{rel}","templated":true}]}}

Rehabilitació habitatge a Barcelona

<p>El projecte sorgeix de la necessitat de reformar íntegrament un habitatge antic situat a la Gran Via, donat el seu estat bastant deteriorat. El projecte consisteix en la conversió d'un habitatge ubicat a la planta tercera de l'edifici, de què es conserven les parets de càrrega i forjats, i es modifiquen algunes divisions interiors. Donada la precarietat de conservació de l'immoble aquesta intervenció suposa una gran millora per a aquest.</p>
<p>Edifici construït el 1888.</p>
<p>La parcel·la ocupa una superfície de 273 m² en planta de forma rectangular inclinada amb el seu costat més llarg amb una profunditat de 29,33 m en sentit no perpendicular al carrer i de 12,31 m de longitud de façana que dóna a la Gran Via i 10,42 m de longitud de la façana posterior.</p>
<p>L'edifici es troba aproximadament en el límit entre l'eixample i el casc antic, al costat de Plaça Catalunya. Aquest districte és conegut pel seu ordre ortogonal dels carrers i per les excel·lents infraestructures de comunicació de què disposa amb accés a la xarxa de Transport Metropolità de Barcelona.</p>

<!-- This site is optimized with the Yoast SEO plugin v22.6 - https://yoast.com/wordpress/plugins/seo/ -->
<title>Rehabilitació habitatge a Barcelona - JC Architect</title>
<meta name="robots" content="index, follow, max-snippet:-1, max-image-preview:large, max-video-preview:-1" />
<link rel="canonical" href="https://jcarchitect.com/ca/project/rehabilitacio-habitatge-a-barcelona/" />
<meta property="og:locale" content="ca_ES" />
<meta property="og:type" content="article" />
<meta property="og:title" content="Rehabilitació habitatge a Barcelona - JC Architect" />
<meta property="og:description" content="El projecte sorgeix de la necessitat de reformar íntegrament un habitatge antic situat a la Gran Via, donat el seu estat bastant deteriorat. El projecte consisteix en la conversió d&#039;un habitatge ubicat a la planta tercera de l&#039;edifici, de què es conserven les parets de càrrega i forjats, i es modifiquen algunes divisions interiors. Donada [&hellip;]" />
<meta property="og:url" content="https://jcarchitect.com/ca/project/rehabilitacio-habitatge-a-barcelona/" />
<meta property="og:site_name" content="JC Architect" />
<meta property="article:modified_time" content="2020-04-19T19:48:19+00:00" />
<meta property="og:image" content="https://jcarchitect.com/jcarchitect/wp-content/uploads/2015-001-16.jpeg" />
	<meta property="og:image:width" content="1280" />
	<meta property="og:image:height" content="720" />
	<meta property="og:image:type" content="image/jpeg" />
<meta name="twitter:card" content="summary_large_image" />
<meta name="twitter:label1" content="Temps estimat de lectura" />
	<meta name="twitter:data1" content="1 minut" />
<script type="application/ld+json" class="yoast-schema-graph">{"@context":"https://schema.org","@graph":[{"@type":"WebPage","@id":"https://jcarchitect.com/ca/project/rehabilitacio-habitatge-a-barcelona/","url":"https://jcarchitect.com/ca/project/rehabilitacio-habitatge-a-barcelona/","name":"Rehabilitació habitatge a Barcelona - JC Architect","isPartOf":{"@id":"https://jcarchitect.com/ca/#website"},"primaryImageOfPage":{"@id":"https://jcarchitect.com/ca/project/rehabilitacio-habitatge-a-barcelona/#primaryimage"},"image":{"@id":"https://jcarchitect.com/ca/project/rehabilitacio-habitatge-a-barcelona/#primaryimage"},"thumbnailUrl":"https://jcarchitect.com/jcarchitect/wp-content/uploads/2015-001-16.jpeg","datePublished":"2015-04-19T19:47:55+00:00","dateModified":"2020-04-19T19:48:19+00:00","breadcrumb":{"@id":"https://jcarchitect.com/ca/project/rehabilitacio-habitatge-a-barcelona/#breadcrumb"},"inLanguage":"ca","potentialAction":[{"@type":"ReadAction","target":["https://jcarchitect.com/ca/project/rehabilitacio-habitatge-a-barcelona/"]}]},{"@type":"ImageObject","inLanguage":"ca","@id":"https://jcarchitect.com/ca/project/rehabilitacio-habitatge-a-barcelona/#primaryimage","url":"https://jcarchitect.com/jcarchitect/wp-content/uploads/2015-001-16.jpeg","contentUrl":"https://jcarchitect.com/jcarchitect/wp-content/uploads/2015-001-16.jpeg","width":1280,"height":720},{"@type":"BreadcrumbList","@id":"https://jcarchitect.com/ca/project/rehabilitacio-habitatge-a-barcelona/#breadcrumb","itemListElement":[{"@type":"ListItem","position":1,"name":"Home","item":"https://jcarchitect.com/ca/"},{"@type":"ListItem","position":2,"name":"Rehabilitació habitatge a Barcelona"}]},{"@type":"WebSite","@id":"https://jcarchitect.com/ca/#website","url":"https://jcarchitect.com/ca/","name":"JC Architect","description":"Real Estate consultancy Barcelona","publisher":{"@id":"https://jcarchitect.com/ca/#organization"},"potentialAction":[{"@type":"SearchAction","target":{"@type":"EntryPoint","urlTemplate":"https://jcarchitect.com/ca/?s={search_term_string}"},"query-input":"required name=search_term_string"}],"inLanguage":"ca"},{"@type":"Organization","@id":"https://jcarchitect.com/ca/#organization","name":"JC Architect","url":"https://jcarchitect.com/ca/","logo":{"@type":"ImageObject","inLanguage":"ca","@id":"https://jcarchitect.com/ca/#/schema/logo/image/","url":"https://jcarchitect.com/jcarchitect/wp-content/uploads/favicon-bg.png","contentUrl":"https://jcarchitect.com/jcarchitect/wp-content/uploads/favicon-bg.png","width":144,"height":144,"caption":"JC Architect"},"image":{"@id":"https://jcarchitect.com/ca/#/schema/logo/image/"}}]}</script>
<!-- / Yoast SEO plugin. -->

Rehabilitació habitatge a Barcelona - JC Architect

El projecte sorgeix de la necessitat de reformar íntegrament un habitatge antic situat a la Gran Via, donat el seu estat bastant deteriorat. El projecte consisteix en la conversió d'un habitatge ubicat a la planta tercera de l'edifici, de què es conserven les parets de càrrega i forjats, i es modifiquen algunes divisions interiors. Donada [&hellip;]
